{"id":39,"date":"2025-08-05T06:45:25","date_gmt":"2025-08-05T06:45:25","guid":{"rendered":"https:\/\/demo.websidor.se\/?page_id=39"},"modified":"2025-10-01T16:47:53","modified_gmt":"2025-10-01T14:47:53","slug":"hem","status":"publish","type":"page","link":"https:\/\/oskarsplat.se\/","title":{"rendered":"Hem"},"content":{"rendered":"\t\t<div data-elementor-type=\"wp-page\" data-elementor-id=\"39\" class=\"elementor elementor-39\">\n\t\t\t\t<div class=\"elementor-element elementor-element-d5cfde3 e-flex e-con-boxed e-con e-parent\" data-id=\"d5cfde3\" data-element_type=\"container\" data-e-type=\"container\" data-settings=\"{&quot;background_background&quot;:&quot;video&quot;,&quot;background_video_link&quot;:&quot;\\\/wp-content\\\/uploads\\\/2025\\\/08\\\/rain_comp.mp4&quot;,&quot;background_play_on_mobile&quot;:&quot;yes&quot;,&quot;background_privacy_mode&quot;:&quot;yes&quot;}\">\n\t\t\t\t\t<div class=\"e-con-inner\">\n\t\t<div class=\"elementor-background-video-container\">\n\t\t\t\t\t\t\t<video class=\"elementor-background-video-hosted\" role=\"presentation\" autoplay muted playsinline loop><\/video>\n\t\t\t\t\t<\/div>\t\t<div class=\"elementor-element elementor-element-3ecd55be elementor-invisible elementor-widget elementor-widget-heading\" data-id=\"3ecd55be\" data-element_type=\"widget\" data-e-type=\"widget\" data-settings=\"{&quot;_animation&quot;:&quot;zoomIn&quot;}\" data-widget_type=\"heading.default\">\n\t\t\t\t\t<h1 class=\"elementor-heading-title elementor-size-default\">Vi t\u00e4nker l\u00e4ngre \u00e4n n\u00e4sta regnskur<\/h1>\t\t\t\t<\/div>\n\t\t\t\t<div class=\"elementor-element elementor-element-32b3f1bc elementor-invisible elementor-widget elementor-widget-heading\" data-id=\"32b3f1bc\" data-element_type=\"widget\" data-e-type=\"widget\" data-settings=\"{&quot;_animation&quot;:&quot;fadeIn&quot;}\" data-widget_type=\"heading.default\">\n\t\t\t\t\t<h5 class=\"elementor-heading-title elementor-size-default\">Vi \u00e4r Oskarsons Pl\u00e5tslageri \u2013 stolta hantverkare med blicken fram\u00e5t. V\u00e5ra pl\u00e5tarbeten h\u00e5ller inte bara f\u00f6r v\u00e4dret, utan ocks\u00e5 f\u00f6r framtiden. Lokalt producerat, h\u00e5llbart utf\u00f6rt och alltid med kvalitet i fokus.<\/h5>\t\t\t\t<\/div>\n\t\t\t\t<div class=\"elementor-element elementor-element-2a921c06 elementor-align-center elementor-invisible elementor-widget elementor-widget-button\" data-id=\"2a921c06\" data-element_type=\"widget\" data-e-type=\"widget\" data-settings=\"{&quot;_animation&quot;:&quot;fadeIn&quot;,&quot;_animation_delay&quot;:400}\" data-widget_type=\"button.default\">\n\t\t\t\t\t\t\t\t\t\t<a class=\"elementor-button elementor-button-link elementor-size-sm\" href=\"#kontakt\">\n\t\t\t\t\t\t<span class=\"elementor-button-content-wrapper\">\n\t\t\t\t\t\t\t\t\t<span class=\"elementor-button-text\">Kontakta Oss<\/span>\n\t\t\t\t\t<\/span>\n\t\t\t\t\t<\/a>\n\t\t\t\t\t\t\t\t<\/div>\n\t\t\t\t\t<\/div>\n\t\t\t\t<\/div>\n\t\t<div class=\"elementor-element elementor-element-76b52626 e-flex e-con-boxed e-con e-parent\" data-id=\"76b52626\" data-element_type=\"container\" data-e-type=\"container\">\n\t\t\t\t\t<div class=\"e-con-inner\">\n\t\t\t\t<div class=\"elementor-element elementor-element-30e5297 elementor-widget elementor-widget-heading\" data-id=\"30e5297\" data-element_type=\"widget\" data-e-type=\"widget\" data-widget_type=\"heading.default\">\n\t\t\t\t\t<h2 class=\"elementor-heading-title elementor-size-default\">V\u00e5ra tj\u00e4nster<\/h2>\t\t\t\t<\/div>\n\t\t\t\t<div class=\"elementor-element elementor-element-ccbb979 elementor-widget elementor-widget-heading\" data-id=\"ccbb979\" data-element_type=\"widget\" data-e-type=\"widget\" data-widget_type=\"heading.default\">\n\t\t\t\t\t<h5 class=\"elementor-heading-title elementor-size-default\">Vi anpassar varje uppdrag efter dina behov och levererar snygga, h\u00e5llbara pl\u00e5tarbeten med 10 \u00e5rs garanti.<\/h5>\t\t\t\t<\/div>\n\t\t<div class=\"elementor-element elementor-element-b2d7dbe e-con-full e-flex e-con e-child\" data-id=\"b2d7dbe\" data-element_type=\"container\" data-e-type=\"container\">\n\t\t\t\t<div class=\"elementor-element elementor-element-43ed2439 elementor-widget-tablet__width-initial elementor-widget-mobile__width-inherit elementor-widget__width-initial elementor-position-top elementor-widget elementor-widget-image-box\" data-id=\"43ed2439\" data-element_type=\"widget\" data-e-type=\"widget\" data-widget_type=\"image-box.default\">\n\t\t\t\t\t<div class=\"elementor-image-box-wrapper\"><figure class=\"elementor-image-box-img\"><img fetchpriority=\"high\" decoding=\"async\" width=\"1536\" height=\"1020\" src=\"https:\/\/oskarsplat.se\/wp-content\/uploads\/2025\/08\/skorstenar_i_plat_narbild-1536x1020-1.jpg\" class=\"elementor-animation-grow attachment-full size-full wp-image-99\" alt=\"\" srcset=\"https:\/\/oskarsplat.se\/wp-content\/uploads\/2025\/08\/skorstenar_i_plat_narbild-1536x1020-1.jpg 1536w, https:\/\/oskarsplat.se\/wp-content\/uploads\/2025\/08\/skorstenar_i_plat_narbild-1536x1020-1-300x199.jpg 300w, https:\/\/oskarsplat.se\/wp-content\/uploads\/2025\/08\/skorstenar_i_plat_narbild-1536x1020-1-1024x680.jpg 1024w, https:\/\/oskarsplat.se\/wp-content\/uploads\/2025\/08\/skorstenar_i_plat_narbild-1536x1020-1-768x510.jpg 768w\" sizes=\"(max-width: 1536px) 100vw, 1536px\" \/><\/figure><div class=\"elementor-image-box-content\"><h4 class=\"elementor-image-box-title\">Byggnadspl\u00e5tslageri<\/h4><p class=\"elementor-image-box-description\">Vi konstruerar, tillverkar och utf\u00f6r allt fr\u00e5n takarbeten och bandt\u00e4ckning till fasader, skorstenar och takavvattning.<\/p><\/div><\/div>\t\t\t\t<\/div>\n\t\t\t\t<div class=\"elementor-element elementor-element-3afe9b04 elementor-widget-tablet__width-initial elementor-widget-mobile__width-inherit elementor-widget__width-initial elementor-position-top elementor-widget elementor-widget-image-box\" data-id=\"3afe9b04\" data-element_type=\"widget\" data-e-type=\"widget\" data-widget_type=\"image-box.default\">\n\t\t\t\t\t<div class=\"elementor-image-box-wrapper\"><figure class=\"elementor-image-box-img\"><img decoding=\"async\" width=\"1536\" height=\"1020\" src=\"https:\/\/oskarsplat.se\/wp-content\/uploads\/2025\/08\/klipper_plat_narbild-1536x1020-1.jpg\" class=\"elementor-animation-grow attachment-full size-full wp-image-107\" alt=\"\" srcset=\"https:\/\/oskarsplat.se\/wp-content\/uploads\/2025\/08\/klipper_plat_narbild-1536x1020-1.jpg 1536w, https:\/\/oskarsplat.se\/wp-content\/uploads\/2025\/08\/klipper_plat_narbild-1536x1020-1-300x199.jpg 300w, https:\/\/oskarsplat.se\/wp-content\/uploads\/2025\/08\/klipper_plat_narbild-1536x1020-1-1024x680.jpg 1024w, https:\/\/oskarsplat.se\/wp-content\/uploads\/2025\/08\/klipper_plat_narbild-1536x1020-1-768x510.jpg 768w\" sizes=\"(max-width: 1536px) 100vw, 1536px\" \/><\/figure><div class=\"elementor-image-box-content\"><h4 class=\"elementor-image-box-title\">Specialtillverkning<\/h4><p class=\"elementor-image-box-description\">Vi designar, tillverkar och monterar pl\u00e5tar helt anpassade efter era behov.<\/p><\/div><\/div>\t\t\t\t<\/div>\n\t\t\t\t<div class=\"elementor-element elementor-element-4013ea92 elementor-widget-tablet__width-initial elementor-widget-mobile__width-inherit elementor-widget__width-initial elementor-position-top elementor-widget elementor-widget-image-box\" data-id=\"4013ea92\" data-element_type=\"widget\" data-e-type=\"widget\" data-widget_type=\"image-box.default\">\n\t\t\t\t\t<div class=\"elementor-image-box-wrapper\"><figure class=\"elementor-image-box-img\"><img decoding=\"async\" width=\"1536\" height=\"1020\" src=\"https:\/\/oskarsplat.se\/wp-content\/uploads\/2025\/08\/hogprofilstak-scaled-e1582205676481-1536x1044-1-e1754393062322.jpeg\" class=\"elementor-animation-grow attachment-full size-full wp-image-108\" alt=\"\" srcset=\"https:\/\/oskarsplat.se\/wp-content\/uploads\/2025\/08\/hogprofilstak-scaled-e1582205676481-1536x1044-1-e1754393062322.jpeg 1536w, https:\/\/oskarsplat.se\/wp-content\/uploads\/2025\/08\/hogprofilstak-scaled-e1582205676481-1536x1044-1-e1754393062322-300x199.jpeg 300w, https:\/\/oskarsplat.se\/wp-content\/uploads\/2025\/08\/hogprofilstak-scaled-e1582205676481-1536x1044-1-e1754393062322-1024x680.jpeg 1024w, https:\/\/oskarsplat.se\/wp-content\/uploads\/2025\/08\/hogprofilstak-scaled-e1582205676481-1536x1044-1-e1754393062322-768x510.jpeg 768w\" sizes=\"(max-width: 1536px) 100vw, 1536px\" \/><\/figure><div class=\"elementor-image-box-content\"><h4 class=\"elementor-image-box-title\">H\u00f6gprofilstak och andra f\u00e4rdiga taksystem<\/h4><p class=\"elementor-image-box-description\">Vi monterar sj\u00e4lvb\u00e4rande h\u00f6gprofilstak och erbjuder installation av f\u00e4rdiga taksystem.<\/p><\/div><\/div>\t\t\t\t<\/div>\n\t\t\t\t<div class=\"elementor-element elementor-element-580d492f elementor-widget-tablet__width-initial elementor-widget-mobile__width-inherit elementor-widget__width-initial elementor-position-top elementor-widget elementor-widget-image-box\" data-id=\"580d492f\" data-element_type=\"widget\" data-e-type=\"widget\" data-widget_type=\"image-box.default\">\n\t\t\t\t\t<div class=\"elementor-image-box-wrapper\"><figure class=\"elementor-image-box-img\"><img loading=\"lazy\" decoding=\"async\" width=\"1536\" height=\"1020\" src=\"https:\/\/oskarsplat.se\/wp-content\/uploads\/2025\/08\/platslagarverktyg-1536x1020-1.jpg\" class=\"elementor-animation-grow attachment-full size-full wp-image-119\" alt=\"\" srcset=\"https:\/\/oskarsplat.se\/wp-content\/uploads\/2025\/08\/platslagarverktyg-1536x1020-1.jpg 1536w, https:\/\/oskarsplat.se\/wp-content\/uploads\/2025\/08\/platslagarverktyg-1536x1020-1-300x199.jpg 300w, https:\/\/oskarsplat.se\/wp-content\/uploads\/2025\/08\/platslagarverktyg-1536x1020-1-1024x680.jpg 1024w, https:\/\/oskarsplat.se\/wp-content\/uploads\/2025\/08\/platslagarverktyg-1536x1020-1-768x510.jpg 768w\" sizes=\"(max-width: 1536px) 100vw, 1536px\" \/><\/figure><div class=\"elementor-image-box-content\"><h4 class=\"elementor-image-box-title\">Service<\/h4><p class=\"elementor-image-box-description\">Vi utf\u00f6r reparationer, takst\u00e4dning och sn\u00f6r\u00f6jning. Vid behov utf\u00f6r vi l\u00e4cks\u00f6kning och tillf\u00e4lliga l\u00e4ckaget\u00e4tningar.<\/p><\/div><\/div>\t\t\t\t<\/div>\n\t\t\t\t<\/div>\n\t\t\t\t\t<\/div>\n\t\t\t\t<\/div>\n\t\t<div class=\"elementor-element elementor-element-2b03c396 e-flex e-con-boxed e-con e-parent\" data-id=\"2b03c396\" data-element_type=\"container\" data-e-type=\"container\" id=\"next\">\n\t\t\t\t\t<div class=\"e-con-inner\">\n\t\t\t\t<div class=\"elementor-element elementor-element-32bd412c elementor-widget elementor-widget-heading\" data-id=\"32bd412c\" data-element_type=\"widget\" data-e-type=\"widget\" data-widget_type=\"heading.default\">\n\t\t\t\t\t<h2 class=\"elementor-heading-title elementor-size-default\">L\u00e5t oss oms\u00e4tta v\u00e5r kunskap<\/h2>\t\t\t\t<\/div>\n\t\t<div class=\"elementor-element elementor-element-2230900 e-con-full e-flex e-con e-child\" data-id=\"2230900\" data-element_type=\"container\" data-e-type=\"container\">\n\t\t<div class=\"elementor-element elementor-element-3422c57e e-con-full e-flex e-con e-child\" data-id=\"3422c57e\" data-element_type=\"container\" data-e-type=\"container\" data-settings=\"{&quot;background_background&quot;:&quot;classic&quot;}\">\n\t\t\t\t<div class=\"elementor-element elementor-element-161e2824 elementor-widget elementor-widget-heading\" data-id=\"161e2824\" data-element_type=\"widget\" data-e-type=\"widget\" data-widget_type=\"heading.default\">\n\t\t\t\t\t<h4 class=\"elementor-heading-title elementor-size-default\">Trygg erfarenhet sedan 1989<\/h4>\t\t\t\t<\/div>\n\t\t\t\t<div class=\"elementor-element elementor-element-470c3885 elementor-widget-divider--view-line elementor-widget elementor-widget-divider\" data-id=\"470c3885\" data-element_type=\"widget\" data-e-type=\"widget\" data-widget_type=\"divider.default\">\n\t\t\t\t\t\t\t<div class=\"elementor-divider\">\n\t\t\t<span class=\"elementor-divider-separator\">\n\t\t\t\t\t\t<\/span>\n\t\t<\/div>\n\t\t\t\t\t\t<\/div>\n\t\t\t\t<div class=\"elementor-element elementor-element-2412c2d4 elementor-widget elementor-widget-text-editor\" data-id=\"2412c2d4\" data-element_type=\"widget\" data-e-type=\"widget\" data-widget_type=\"text-editor.default\">\n\t\t\t\t\t\t\t\t\t<p class=\"p1\">Med erfarenhet som str\u00e4cker sig \u00f6ver decennier st\u00e5r vi f\u00f6r gedigen kunskap, p\u00e5litlighet och kvalitet i varje projekt.<\/p>\t\t\t\t\t\t\t\t<\/div>\n\t\t\t\t<\/div>\n\t\t<div class=\"elementor-element elementor-element-3c11ef1e e-con-full e-flex e-con e-child\" data-id=\"3c11ef1e\" data-element_type=\"container\" data-e-type=\"container\" data-settings=\"{&quot;background_background&quot;:&quot;classic&quot;}\">\n\t\t\t\t<div class=\"elementor-element elementor-element-4b81fa04 elementor-widget elementor-widget-heading\" data-id=\"4b81fa04\" data-element_type=\"widget\" data-e-type=\"widget\" data-widget_type=\"heading.default\">\n\t\t\t\t\t<h4 class=\"elementor-heading-title elementor-size-default\">H\u00e5llbarhet &amp; s\u00e4ker arbetsmilj\u00f6 i fokus<\/h4>\t\t\t\t<\/div>\n\t\t\t\t<div class=\"elementor-element elementor-element-78cbc431 elementor-widget-divider--view-line elementor-widget elementor-widget-divider\" data-id=\"78cbc431\" data-element_type=\"widget\" data-e-type=\"widget\" data-widget_type=\"divider.default\">\n\t\t\t\t\t\t\t<div class=\"elementor-divider\">\n\t\t\t<span class=\"elementor-divider-separator\">\n\t\t\t\t\t\t<\/span>\n\t\t<\/div>\n\t\t\t\t\t\t<\/div>\n\t\t\t\t<div class=\"elementor-element elementor-element-232fd491 elementor-widget elementor-widget-text-editor\" data-id=\"232fd491\" data-element_type=\"widget\" data-e-type=\"widget\" data-widget_type=\"text-editor.default\">\n\t\t\t\t\t\t\t\t\t<p>Vi arbetar med milj\u00f6smarta l\u00f6sningar och s\u00e4tter b\u00e5de milj\u00f6n och v\u00e5ra medarbetares s\u00e4kerhet i f\u00f6rsta rummet.<\/p>\t\t\t\t\t\t\t\t<\/div>\n\t\t\t\t<\/div>\n\t\t<div class=\"elementor-element elementor-element-896f1cc e-con-full e-flex e-con e-child\" data-id=\"896f1cc\" data-element_type=\"container\" data-e-type=\"container\" data-settings=\"{&quot;background_background&quot;:&quot;classic&quot;}\">\n\t\t\t\t<div class=\"elementor-element elementor-element-74b1013b elementor-widget elementor-widget-heading\" data-id=\"74b1013b\" data-element_type=\"widget\" data-e-type=\"widget\" data-widget_type=\"heading.default\">\n\t\t\t\t\t<h4 class=\"elementor-heading-title elementor-size-default\">H\u00f6g kapacitet och modern teknik<\/h4>\t\t\t\t<\/div>\n\t\t\t\t<div class=\"elementor-element elementor-element-270665e5 elementor-widget-divider--view-line elementor-widget elementor-widget-divider\" data-id=\"270665e5\" data-element_type=\"widget\" data-e-type=\"widget\" data-widget_type=\"divider.default\">\n\t\t\t\t\t\t\t<div class=\"elementor-divider\">\n\t\t\t<span class=\"elementor-divider-separator\">\n\t\t\t\t\t\t<\/span>\n\t\t<\/div>\n\t\t\t\t\t\t<\/div>\n\t\t\t\t<div class=\"elementor-element elementor-element-75779c0f elementor-widget elementor-widget-text-editor\" data-id=\"75779c0f\" data-element_type=\"widget\" data-e-type=\"widget\" data-widget_type=\"text-editor.default\">\n\t\t\t\t\t\t\t\t\t<p>Med avancerade maskiner och ett stort team kan vi ta oss an b\u00e5de sm\u00e5 och stora uppdrag \u2013 effektivt, precist och med h\u00f6gklassigt resultat.<\/p>\t\t\t\t\t\t\t\t<\/div>\n\t\t\t\t<\/div>\n\t\t\t\t<\/div>\n\t\t\t\t\t<\/div>\n\t\t\t\t<\/div>\n\t\t<div class=\"elementor-element elementor-element-4c3cac6b e-flex e-con-boxed e-con e-parent\" data-id=\"4c3cac6b\" data-element_type=\"container\" data-e-type=\"container\">\n\t\t\t\t\t<div class=\"e-con-inner\">\n\t\t<div class=\"elementor-element elementor-element-38737bf9 e-flex e-con-boxed e-con e-child\" data-id=\"38737bf9\" data-element_type=\"container\" data-e-type=\"container\">\n\t\t\t\t\t<div class=\"e-con-inner\">\n\t\t\t\t<div class=\"elementor-element elementor-element-4fa4a666 elementor-widget elementor-widget-heading\" data-id=\"4fa4a666\" data-element_type=\"widget\" data-e-type=\"widget\" data-widget_type=\"heading.default\">\n\t\t\t\t\t<h2 class=\"elementor-heading-title elementor-size-default\">Hantverk &amp; h\u00e5llbarhet<div>sedan 1989<\/div><\/h2>\t\t\t\t<\/div>\n\t\t\t\t<div class=\"elementor-element elementor-element-3e691c69 elementor-widget elementor-widget-text-editor\" data-id=\"3e691c69\" data-element_type=\"widget\" data-e-type=\"widget\" data-widget_type=\"text-editor.default\">\n\t\t\t\t\t\t\t\t\t<p style=\"text-align: left;\"><img loading=\"lazy\" decoding=\"async\" class=\"alignleft wp-image-139 size-full\" src=\"https:\/\/oskarsplat.se\/wp-content\/uploads\/2025\/08\/Evald.jpg\" alt=\"\" width=\"440\" height=\"355\" srcset=\"https:\/\/oskarsplat.se\/wp-content\/uploads\/2025\/08\/Evald.jpg 440w, https:\/\/oskarsplat.se\/wp-content\/uploads\/2025\/08\/Evald-300x242.jpg 300w\" sizes=\"(max-width: 440px) 100vw, 440px\" \/><span style=\"font-family: var( --e-global-typography-text-font-family ), Sans-serif; font-size: var( --e-global-typography-text-font-size ); font-style: var( --e-global-typography-text-font-style ); letter-spacing: var( --e-global-typography-text-letter-spacing ); text-align: var(--text-align); text-transform: var( --e-global-typography-text-text-transform ); text-decoration: var( --e-global-typography-text-text-decoration );\">\u00c5r 1976 best\u00e4mde sig Evald Oskarsson f\u00f6r att omvandla sitt garage p\u00e5 \u00c4ngaboh\u00f6jden i Alings\u00e5s till en pl\u00e5tverkstad. Det b\u00f6rjade som en liten verksamhet d\u00e4r han hj\u00e4lpte n\u00e4ra och k\u00e4ra med pl\u00e5tarbeten \u2013 stort som sm\u00e5tt. Evald var inte r\u00e4dd f\u00f6r att t\u00e4nja p\u00e5 gr\u00e4nserna; han tillverkade till och med en kjol i pl\u00e5t \u00e5t sin fru, bara f\u00f6r att visa hur m\u00e5ngsidigt materialet faktiskt \u00e4r.<\/span><\/p><p style=\"text-align: left;\">Tack vare sitt hantverk och de skickligt genomf\u00f6rda projekten v\u00e4xte b\u00e5de kundkretsen och verksamheten. \u00c5r 1989 registrerades Oskarsons Pl\u00e5tslageri som aktiebolag. N\u00e5gra \u00e5r senare tog hans s\u00f6ner, Anders och Ralf, \u00f6ver f\u00f6retaget och drev det vidare i samma anda \u2013 fram till 2019, d\u00e5 Albin och Amanda tog \u00f6ver som stolta nya \u00e4gare av Oskarsons Pl\u00e5tslageri AB.<\/p><p style=\"text-align: left;\">Sedan starten p\u00e5 70-talet har mycket f\u00f6r\u00e4ndrats i branschen. Idag \u00e4r m\u00e5nga moment maskinella \u2013 pl\u00e5ten kn\u00e4cks och formas med h\u00f6g precision, vilket har effektiviserat arbete. Samtidigt har vi valt att bevara flera av de gamla, hantverksm\u00e4ssiga metoderna \u2013 f\u00f6r oss \u00e4r det ett s\u00e4tt att v\u00e4rna om kvaliteten och yrkesstoltheten.<\/p><p style=\"text-align: left;\">Vi \u00e4r fortfarande kvar i Alings\u00e5s, d\u00e4r vi har v\u00e5ra r\u00f6tter och k\u00e4nner v\u00e5ra kunder v\u00e4l. Majoriteten av v\u00e5ra projekt finns i V\u00e4stra G\u00f6taland, men v\u00e5rt arbete har tagit oss l\u00e5ngt \u2013 fr\u00e5n Ystad i s\u00f6der till \u00d6stersund i norr. Vart \u00e4n v\u00e5ra uppdrag f\u00f6r oss, b\u00e4r vi alltid med oss Evalds vision: att kombinera yrkesskicklighet med personligt engagemang.<\/p>\t\t\t\t\t\t\t\t<\/div>\n\t\t\t\t\t<\/div>\n\t\t\t\t<\/div>\n\t\t\t\t\t<\/div>\n\t\t\t\t<\/div>\n\t\t<div class=\"elementor-element elementor-element-999c53b e-flex e-con-boxed e-con e-parent\" data-id=\"999c53b\" data-element_type=\"container\" data-e-type=\"container\" data-settings=\"{&quot;background_background&quot;:&quot;classic&quot;}\">\n\t\t\t\t\t<div class=\"e-con-inner\">\n\t\t\t\t<div class=\"elementor-element elementor-element-9b461bb elementor-widget elementor-widget-menu-anchor\" data-id=\"9b461bb\" data-element_type=\"widget\" data-e-type=\"widget\" data-widget_type=\"menu-anchor.default\">\n\t\t\t\t\t\t\t<div class=\"elementor-menu-anchor\" id=\"kontakt\"><\/div>\n\t\t\t\t\t\t<\/div>\n\t\t<div class=\"elementor-element elementor-element-34a9def e-con-full e-flex e-con e-child\" data-id=\"34a9def\" data-element_type=\"container\" data-e-type=\"container\" data-settings=\"{&quot;background_background&quot;:&quot;classic&quot;}\">\n\t\t\t\t<div class=\"elementor-element elementor-element-537f6ff elementor-widget elementor-widget-text-editor\" data-id=\"537f6ff\" data-element_type=\"widget\" data-e-type=\"widget\" data-widget_type=\"text-editor.default\">\n\t\t\t\t\t\t\t\t\t<p style=\"text-align: center;\"><strong>V\u00e4nligen fyll i dina kontaktuppgifter,<\/strong><br \/><strong> s\u00e5 \u00e5terkommer vi till dig s\u00e5 fort som m\u00f6jligt.<\/strong><\/p>\t\t\t\t\t\t\t\t<\/div>\n\t\t\t\t<div class=\"elementor-element elementor-element-b235083 elementor-button-align-stretch elementor-widget elementor-widget-form\" data-id=\"b235083\" data-element_type=\"widget\" data-e-type=\"widget\" data-settings=\"{&quot;step_next_label&quot;:&quot;Next&quot;,&quot;step_previous_label&quot;:&quot;Previous&quot;,&quot;button_width&quot;:&quot;100&quot;,&quot;step_type&quot;:&quot;number_text&quot;,&quot;step_icon_shape&quot;:&quot;circle&quot;}\" data-widget_type=\"form.default\">\n\t\t\t\t<div class=\"elementor-widget-container\">\n\t\t\t\t\t\t\t<form class=\"elementor-form\" method=\"post\" name=\"New Form\">\n\t\t\t<input type=\"hidden\" name=\"post_id\" value=\"39\"\/>\n\t\t\t<input type=\"hidden\" name=\"form_id\" value=\"b235083\"\/>\n\t\t\t<input type=\"hidden\" name=\"referer_title\" value=\"\" \/>\n\n\t\t\t\n\t\t\t<div class=\"elementor-form-fields-wrapper elementor-labels-\">\n\t\t\t\t\t\t\t\t<div class=\"elementor-field-type-text elementor-field-group elementor-column elementor-field-group-name elementor-col-100 elementor-field-required\">\n\t\t\t\t\t\t\t\t\t\t\t\t<label for=\"form-field-name\" class=\"elementor-field-label elementor-screen-only\">\n\t\t\t\t\t\t\t\tNamn\t\t\t\t\t\t\t<\/label>\n\t\t\t\t\t\t\t\t\t\t\t\t\t\t<input size=\"1\" type=\"text\" name=\"form_fields[name]\" id=\"form-field-name\" class=\"elementor-field elementor-size-sm  elementor-field-textual\" placeholder=\"Namn\" required=\"required\" aria-required=\"true\">\n\t\t\t\t\t\t\t\t\t\t\t<\/div>\n\t\t\t\t\t\t\t\t<div class=\"elementor-field-type-email elementor-field-group elementor-column elementor-field-group-email elementor-col-100 elementor-field-required\">\n\t\t\t\t\t\t\t\t\t\t\t\t<label for=\"form-field-email\" class=\"elementor-field-label elementor-screen-only\">\n\t\t\t\t\t\t\t\tE-post\t\t\t\t\t\t\t<\/label>\n\t\t\t\t\t\t\t\t\t\t\t\t\t\t<input size=\"1\" type=\"email\" name=\"form_fields[email]\" id=\"form-field-email\" class=\"elementor-field elementor-size-sm  elementor-field-textual\" placeholder=\"E-post\" required=\"required\" aria-required=\"true\">\n\t\t\t\t\t\t\t\t\t\t\t<\/div>\n\t\t\t\t\t\t\t\t<div class=\"elementor-field-type-text elementor-field-group elementor-column elementor-field-group-field_032ae5c elementor-col-100\">\n\t\t\t\t\t\t\t\t\t\t\t\t<label for=\"form-field-field_032ae5c\" class=\"elementor-field-label elementor-screen-only\">\n\t\t\t\t\t\t\t\tTelefon\t\t\t\t\t\t\t<\/label>\n\t\t\t\t\t\t\t\t\t\t\t\t\t\t<input size=\"1\" type=\"text\" name=\"form_fields[field_032ae5c]\" id=\"form-field-field_032ae5c\" class=\"elementor-field elementor-size-sm  elementor-field-textual\" placeholder=\"Telefon\">\n\t\t\t\t\t\t\t\t\t\t\t<\/div>\n\t\t\t\t\t\t\t\t<div class=\"elementor-field-group elementor-column elementor-field-type-submit elementor-col-100 e-form__buttons\">\n\t\t\t\t\t<button type=\"submit\" class=\"elementor-button elementor-size-sm\">\n\t\t\t\t\t\t<span >\n\t\t\t\t\t\t\t\t\t\t\t\t\t\t\t<span class=\" elementor-button-icon\">\n\t\t\t\t\t\t\t\t\t\t\t\t\t\t\t\t\t\t\t\t\t\t\t\t\t\t<\/span>\n\t\t\t\t\t\t\t\t\t\t\t\t\t\t\t\t\t\t\t\t\t\t<span class=\"elementor-button-text\">Skicka<\/span>\n\t\t\t\t\t\t\t\t\t\t\t\t\t<\/span>\n\t\t\t\t\t<\/button>\n\t\t\t\t<\/div>\n\t\t\t<\/div>\n\t\t<\/form>\n\t\t\t\t\t\t<\/div>\n\t\t\t\t<\/div>\n\t\t\t\t<\/div>\n\t\t<div class=\"elementor-element elementor-element-391ae4c e-con-full e-flex e-con e-child\" data-id=\"391ae4c\" data-element_type=\"container\" data-e-type=\"container\">\n\t\t\t\t<div class=\"elementor-element elementor-element-3a2004a elementor-widget elementor-widget-heading\" data-id=\"3a2004a\" data-element_type=\"widget\" data-e-type=\"widget\" data-widget_type=\"heading.default\">\n\t\t\t\t\t<h2 class=\"elementor-heading-title elementor-size-default\">L\u00e5t oss hj\u00e4lpa dig med ditt n\u00e4sta projekt<\/h2>\t\t\t\t<\/div>\n\t\t\t\t<\/div>\n\t\t\t\t\t<\/div>\n\t\t\t\t<\/div>\n\t\t\t\t<\/div>\n\t\t","protected":false},"excerpt":{"rendered":"<p>Vi t\u00e4nker l\u00e4ngre \u00e4n n\u00e4sta regnskur Vi \u00e4r Oskarsons Pl\u00e5tslageri \u2013 stolta hantverkare med blicken fram\u00e5t. V\u00e5ra pl\u00e5tarbeten h\u00e5ller inte bara f\u00f6r v\u00e4dret, utan ocks\u00e5 f\u00f6r framtiden. Lokalt producerat, h\u00e5llbart utf\u00f6rt och alltid med kvalitet i fokus. Kontakta Oss V\u00e5ra tj\u00e4nster Vi anpassar varje uppdrag efter dina behov och levererar snygga, h\u00e5llbara pl\u00e5tarbeten med 10 [&hellip;]<\/p>\n","protected":false},"author":1,"featured_media":0,"parent":0,"menu_order":0,"comment_status":"closed","ping_status":"closed","template":"elementor_header_footer","meta":{"footnotes":""},"class_list":["post-39","page","type-page","status-publish","hentry"],"_links":{"self":[{"href":"https:\/\/oskarsplat.se\/index.php?rest_route=\/wp\/v2\/pages\/39","targetHints":{"allow":["GET"]}}],"collection":[{"href":"https:\/\/oskarsplat.se\/index.php?rest_route=\/wp\/v2\/pages"}],"about":[{"href":"https:\/\/oskarsplat.se\/index.php?rest_route=\/wp\/v2\/types\/page"}],"author":[{"embeddable":true,"href":"https:\/\/oskarsplat.se\/index.php?rest_route=\/wp\/v2\/users\/1"}],"replies":[{"embeddable":true,"href":"https:\/\/oskarsplat.se\/index.php?rest_route=%2Fwp%2Fv2%2Fcomments&post=39"}],"version-history":[{"count":164,"href":"https:\/\/oskarsplat.se\/index.php?rest_route=\/wp\/v2\/pages\/39\/revisions"}],"predecessor-version":[{"id":263,"href":"https:\/\/oskarsplat.se\/index.php?rest_route=\/wp\/v2\/pages\/39\/revisions\/263"}],"wp:attachment":[{"href":"https:\/\/oskarsplat.se\/index.php?rest_route=%2Fwp%2Fv2%2Fmedia&parent=39"}],"curies":[{"name":"wp","href":"https:\/\/api.w.org\/{rel}","templated":true}]}}